{"id":549,"date":"2022-05-18T08:41:31","date_gmt":"2022-05-18T06:41:31","guid":{"rendered":"https:\/\/www.labo-olesnica.pl\/?page_id=549"},"modified":"2022-05-18T08:41:31","modified_gmt":"2022-05-18T06:41:31","slug":"badania-w-kierunku-covid-19","status":"publish","type":"page","link":"https:\/\/www.labo-olesnica.pl\/index.php\/oferta\/badania-w-kierunku-covid-19\/","title":{"rendered":"Badania w kierunku covid-19"},"content":{"rendered":"<table>\n<tbody>\n<tr>\n<td width=\"410\"><strong>Badania w kierunku covid-19<br \/>\n<\/strong><\/td>\n<td width=\"93\"><strong>Badanie<\/strong><br \/>\n<strong>podstawowe<\/strong><\/td>\n<td width=\"88\"><strong>Czas oczekiwania (dni robocze)<\/strong><\/td>\n<\/tr>\n<tr>\n<td width=\"410\">Test antygenowy w kierunku Sars-CoV-2<\/td>\n<td>100 z\u0142<\/td>\n<td>30 min.<\/td>\n<\/tr>\n<tr>\n<td width=\"410\">Test antygenowy w kierunku Sars-CoV-2 wraz z t\u0142umaczeniem na j\u0119zyk niemiecki lub angielski<\/td>\n<td>120 z\u0142<\/td>\n<td>30 min.<\/td>\n<\/tr>\n<tr>\n<td width=\"410\">Test Rt-PCR w kierunku Sars-CoV-2<\/td>\n<td>300 z\u0142<\/td>\n<td>1<\/td>\n<\/tr>\n<tr>\n<td width=\"410\">Test Rt-PCR w kierunku Sars-CoV-2\u00a0 wraz z t\u0142umaczeniem na j\u0119zyk niemiecki lub angielski<\/td>\n<td>330 z\u0142<\/td>\n<td>1<\/td>\n<\/tr>\n<\/tbody>\n<\/table>\n","protected":false},"excerpt":{"rendered":"<p>Badania w kierunku covid-19 Badanie podstawowe Czas oczekiwania (dni robocze) Test antygenowy w kierunku Sars-CoV-2 100 z\u0142 30 min. Test antygenowy w kierunku Sars-CoV-2 wraz z t\u0142umaczeniem na j\u0119zyk niemiecki lub angielski 120 z\u0142 30 min. Test Rt-PCR w kierunku Sars-CoV-2 300 z\u0142 1 Test Rt-PCR w kierunku Sars-CoV-2\u00a0 wraz z t\u0142umaczeniem na j\u0119zyk niemiecki [&hellip;]<\/p>\n","protected":false},"author":1,"featured_media":0,"parent":40,"menu_order":0,"comment_status":"closed","ping_status":"closed","template":"","meta":[],"_links":{"self":[{"href":"https:\/\/www.labo-olesnica.pl\/index.php\/wp-json\/wp\/v2\/pages\/549"}],"collection":[{"href":"https:\/\/www.labo-olesnica.pl\/index.php\/wp-json\/wp\/v2\/pages"}],"about":[{"href":"https:\/\/www.labo-olesnica.pl\/index.php\/wp-json\/wp\/v2\/types\/page"}],"author":[{"embeddable":true,"href":"https:\/\/www.labo-olesnica.pl\/index.php\/wp-json\/wp\/v2\/users\/1"}],"replies":[{"embeddable":true,"href":"https:\/\/www.labo-olesnica.pl\/index.php\/wp-json\/wp\/v2\/comments?post=549"}],"version-history":[{"count":4,"href":"https:\/\/www.labo-olesnica.pl\/index.php\/wp-json\/wp\/v2\/pages\/549\/revisions"}],"predecessor-version":[{"id":553,"href":"https:\/\/www.labo-olesnica.pl\/index.php\/wp-json\/wp\/v2\/pages\/549\/revisions\/553"}],"up":[{"embeddable":true,"href":"https:\/\/www.labo-olesnica.pl\/index.php\/wp-json\/wp\/v2\/pages\/40"}],"wp:attachment":[{"href":"https:\/\/www.labo-olesnica.pl\/index.php\/wp-json\/wp\/v2\/media?parent=549"}],"curies":[{"name":"wp","href":"https:\/\/api.w.org\/{rel}","templated":true}]}}