{"id":45,"date":"2017-06-01T22:30:17","date_gmt":"2017-06-01T20:30:17","guid":{"rendered":"http:\/\/labo.wop.pl\/?page_id=45"},"modified":"2019-03-20T12:14:50","modified_gmt":"2019-03-20T11:14:50","slug":"poradnik","status":"publish","type":"page","link":"https:\/\/www.labo-olesnica.pl\/index.php\/poradnik\/","title":{"rendered":"Dolegliwo\u015bci uk\u0142adu moczowo-p\u0142ciowego"},"content":{"rendered":"<div id=\"matrix_1475367\" class=\"sortable-matrix\" data-matrixid=\"1475367\">\n<div class=\"n module-type-text diyfeLiveArea \">\n<p>DOLEGLIWO\u015aCI UK\u0141ADU MOCZOWO-P\u0141CIOWEGO<\/p>\n<p>Zaka\u017cenia dr\u00f3g moczowo- p\u0142ciowych s\u0105 wbrew pozorom jednymi z najtrudniejszych do leczenia i diagnozowania. Dzieje si\u0119 tak ze wzgl\u0119du, na mo\u017cliwo\u015b\u0107 wyst\u0119powania w cewce moczowej i pochwie bardzo r\u00f3znorodnej flory bakteryjnej bez objaw\u00f3w klinicznych zaka\u017cenia.<\/p>\n<p>Poni\u017cej zestawiono objawy najcz\u0119\u015bciej wyst\u0119puj\u0105cych chor\u00f3b uk\u0142adu moczowo- p\u0142ciowego u kobiet i m\u0119\u017cczyzn.<\/p>\n<p><strong>a) KANDYDOZA &#8211; DRO\u017bD\u017bYCA<\/strong><\/p>\n<p>Typowe objawy dro\u017cd\u017cycy to:<\/p>\n<ul type=\"disc\">\n<li>\u015bwi\u0105d w pochwie, \u015bwi\u0105d sromu, kt\u00f3remu mo\u017ce (ale nie musi) towarzyszy\u0107 uczucie pieczenia<\/li>\n<li>g\u0119sta,bia\u0142a, grudkowata wydzielina (up\u0142awy)<\/li>\n<li>zaczerwienienie,opuchlizna oraz bolesno\u015b\u0107 i tkliwo\u015b\u0107 wok\u00f3\u0142 pochwy i odbytu<\/li>\n<li>u m\u0119\u017cczyz czerwone, sw\u0119dz\u0105ce plamki na \u017co\u0142\u0119dzi, bia\u0142awy nalot<\/li>\n<li>uczucie pieczenia podczas oddawania moczu<\/li>\n<li>b\u00f3l podczas stosunku<\/li>\n<\/ul>\n<p><strong>Zalecane badania: wymaz z pochwy (kobiety), wymaz z \u017co\u0142\u0119dzi\/cewki moczowej (m\u0119\u017cczy\u017ani)<\/strong><\/p>\n<p>&nbsp;<\/p>\n<p><strong>b) WAGINOZA BAKTERYJNA<\/strong><\/p>\n<p>U kobiet z waginoz\u0105 bakteryjn\u0105 mog\u0105 wyst\u0119powa\u0107:<\/p>\n<ul>\n<li>up\u0142awy o nieprzyjemnym, intensywnym &#8222;rybim&#8221; zapachu, kt\u00f3ry pojawia si\u0119 zw\u0142aszcza po stosunku p\u0142ciowym oraz po menstruacji.<\/li>\n<li>up\u0142awy s\u0105 zwykle w postaci bia\u0142awej lub szarawej i cz\u0119sto rzadkiej wydzieliny.<\/li>\n<li>uczucie pieczenia podczas oddawania moczu i\/lub sw\u0119dzenie wok\u00f3\u0142 wej\u015bcia do pochwy.<\/li>\n<li>wzrost pH pochwy.<\/li>\n<li>u niekt\u00f3rych kobiet zaka\u017cenie przebiega bezobjawowo<\/li>\n<\/ul>\n<p><strong>Zalecane badania: wymaz z pochwy + preparat mikroskopowy (pozwala oceni\u0107 stopie\u0144 zaburzenia mikroflory bakteryjnej pochwy)<\/strong><\/p>\n<p>&nbsp;<\/p>\n<p><strong>c) RZE\u017b\u0104CZKA- Neisseria gonorrhoeae<\/strong><\/p>\n<p><strong>Objawy obserwuje si\u0119 u 85-90% m\u0119\u017cczyzn zaka\u017conych rze\u017c\u0105czk\u0105.\u00a0<\/strong>Pojawiaj\u0105 si\u0119 one w ci\u0105gu tygodnia (zwykle 2 do 5 dni) po zainfekowaniu. Mo\u017cliwe jest jednak, \u017ce symptomy pojawi\u0105 si\u0119 po up\u0142ywie 30 dni.<\/p>\n<p>Typowe objawy zaka\u017cenia u m\u0119\u017cczyzn to:<\/p>\n<ul type=\"disc\">\n<li>bia\u0142y, \u017c\u00f3\u0142tawy lub zielonkawy \u201cwyciek\u201d z cewki moczowej<\/li>\n<li>sw\u0119dzenie lub pieczenie podczas oddawania moczu<\/li>\n<li>zaczerwienienie i puchni\u0119cie uj\u015bcia cewki moczowej<\/li>\n<li>b\u00f3l oraz puchniecie penisa lub j\u0105der<\/li>\n<\/ul>\n<p><strong>Zalecane badania: wymaz z cewki moczowej + preparat bezpo\u015bredni (zaleca si\u0119 pobranie materia\u0142u bezpo\u015brednio w laboratorium)<\/strong><\/p>\n<p>&nbsp;<\/p>\n<p><strong>Jedynie 50% kobiet posiada zauwa\u017calne objawy zaka\u017cenia<\/strong>. Symptomy zazwyczaj zaczynaj\u0105 si\u0119 po 5 do 10 dni lub w ci\u0105gu 60 dni.<\/p>\n<p>Symptomy zaka\u017cenia u kobiet to:<\/p>\n<ul type=\"disc\">\n<li>zielonkawo-\u017c\u00f3\u0142te up\u0142awy z pochwy<\/li>\n<li>plamienie lub krwawienie pomi\u0119dzy miesi\u0105czkami lub podczas stosunku<\/li>\n<li>czasami nietypowe up\u0142awy z uj\u015bcia cewki moczowej lub sw\u0119dzenie i zaczerwienienie sromu<\/li>\n<li>b\u00f3l podczas stosunku<\/li>\n<\/ul>\n<p><strong>Zalecane badania: wymaz z pochwy\u00a0+ preparat bezpo\u015bredni (zaleca si\u0119 pobranie materia\u0142u bezpo\u015brednio w laboratorium)<\/strong><\/p>\n<p>&nbsp;<\/p>\n<p>W przypadku wykrycia zaka\u017cenia rze\u017c\u0105czk\u0105 konieczne jest przebadanie r\u00f3wnie\u017c partnera seksualnego.<\/p>\n<p>&nbsp;<\/p>\n<p><strong>d) CHLAMYDIOZA<\/strong><\/p>\n<p><strong>U 75% kobiet oraz oko\u0142o 50%m\u0119\u017cczyzn zainfekowanych Chlamydia trachomatis nie wyst\u0119puj\u0105 \u017cadne objawy.<\/strong><\/p>\n<p>Typowe objawy chlamydiozy u kobiet:<\/p>\n<ul type=\"disc\">\n<li>up\u0142awy<\/li>\n<li>pieczenie podczas oddawania moczu<\/li>\n<li>b\u00f3le podbrzusza, plec\u00f3w w okolicy l\u0119d\u017awiowej<\/li>\n<li>md\u0142o\u015bci oraz gor\u0105czka<\/li>\n<li>b\u00f3l podczas stosunku p\u0142ciowego lub krwawienia mi\u0119dzy miesi\u0105czkami<\/li>\n<li>przy przewlek\u0142ej infekcji- b\u00f3le stawowe<\/li>\n<\/ul>\n<p>Typowe objawy infekcji u m\u0119\u017cczyzn:<\/p>\n<ul type=\"disc\">\n<li>wydzielina z cewki moczowej<\/li>\n<li>uczucie pieczenia podczas oddawania moczu<\/li>\n<li>pieczenie i sw\u0119dzenie wok\u00f3\u0142 uj\u015bcia cewki moczowej<\/li>\n<li>b\u00f3l oraz obrz\u0119k j\u0105der<\/li>\n<li>przy przewlek\u0142ej infekcji- b\u00f3le stawowe<\/li>\n<\/ul>\n<p>Szczeg\u00f3lnie niebezpieczne s\u0105 zaka\u017cenia Chlamydia trachomatis u kobiet ci\u0119\u017carnych, kt\u00f3re mog\u0105 by\u0107 przyczyn\u0105 patologicznego przebiegu ci\u0105\u017cy i stanowi\u0107 zagro\u017cenie dla p\u0142odu (porody przedwczesne, ci\u0105\u017ca obumar\u0142a, zaka\u017cenia oko\u0142oporodowe noworodka)<\/p>\n<p><strong>Zalecane badania: wymaz z cewki moczowej\/ kana\u0142u szyjki macicy (pobranie materia\u0142u do badania TYLKO w laboratorium)<\/strong><\/p>\n<p>&nbsp;<\/p>\n<p><strong>e) UREAPLASMA\/ MYCOPLASMA- nierze\u017c\u0105czkowe zapalenie cewki moczowej i narz\u0105du rodnego<\/strong><\/p>\n<p>Najcz\u0119stszymi drobnoustrojami atypowymi izolowanymi z dr\u00f3g moczowo-p\u0142ciowych jest Ureaplasma urealyticum i Mycoplasma hominis. Bakterie te przenoszone s\u0105 g\u0142\u00f3wnie na drodze kontakt\u00f3w p\u0142ciowych.<\/p>\n<p>U m\u0119\u017cczyzn zaka\u017cenie przebiega pod postaci\u0105 zapalenia cewki moczowej i niebakteryjnego zapalenia gruczo\u0142u krokowego. U kobiet infekcja bakteriami Ureaplasma i Mycoplasma mo\u017ce spowodowa\u0107 zapalenie jajowod\u00f3w, jajnik\u00f3w, szyjki macicy i trzonu macicy.<\/p>\n<p>Ureaplasma spp. odgrywa istotn\u0105 rol\u0119 w etiologii i patogenezie porod\u00f3w przedwczesnych, przedwczesnego p\u0119kni\u0119cia b\u0142on p\u0142odowych. Przyk\u0142adem powik\u0142a\u0144 wskutek nie leczenia zaka\u017ce\u0144 Ureaplasma urealyticum mog\u0105 by\u0107 powtarzaj\u0105ce si\u0119 poronienia.<br \/>\nNiep\u0142odne kobiety s\u0105 cz\u0119\u015bciej zaka\u017cone mykoplazmami, a nasienie m\u0119\u017cczyzn zainfekowanych Ureaplasma urealyticum charakteryzuje si\u0119 ni\u017csz\u0105 ruchliwo\u015bci\u0105 i wi\u0119ksz\u0105 liczb\u0105 nieprawid\u0142owych form plemnik\u00f3w.<\/p>\n<p>Objawy infekcji Ureaplasma\/ Mycoplasma<\/p>\n<ul>\n<li>dolegliwo\u015bci zwi\u0105zane z oddawaniem moczu<\/li>\n<li>bolesno\u015b\u0107 i pieczenie w cewce moczowej<\/li>\n<li>cz\u0119ste oddawanie moczu<\/li>\n<li>uczucie parcia na mocz<\/li>\n<\/ul>\n<p>&nbsp;<\/p>\n<p><strong>Obok objaw\u00f3w infekcji cz\u0119sty jest r\u00f3wnie\u017c bezobjawowy przebieg zaka\u017cenia co sprzyja rozprzestrzenianiu si\u0119 zaka\u017cenia mi\u0119dzy partnerami. Dlatego po stwierdzeniu zaka\u017cenia u jednego z partner\u00f3w konieczne jest wykonanie diagnostyki u drugiego partnera.<\/strong><\/p>\n<p><strong>Zalecane badania: wymaz z cewki moczowej\/ kana\u0142u szyjki macicy (pobranie materia\u0142u do badania TYLKO w laboratorium)<\/strong><\/p>\n<p>&nbsp;<\/p>\n<p><strong>f) RZ\u0118SISTKOWICA- Trichomonas vaginalis<\/strong><\/p>\n<p><strong>Wi\u0119kszo\u015b\u0107 m\u0119\u017cczyzn z rz\u0119sistkowic\u0105 nie posiada symptom\u00f3w<\/strong>, jednak\u017ce cz\u0119\u015b\u0107 m\u0119\u017cczyzn mo\u017ce odczuwa\u0107 chwilowe podra\u017cnienie wewn\u0105trz pr\u0105cia, \u0142agodne up\u0142awy lub niewielkie pieczenie po oddawaniu moczu lub po ejakulacji.<\/p>\n<p><strong>Niekt\u00f3re kobiety posiadaj\u0105 oznaki lub symptomy infekcji:<\/strong><\/p>\n<ul type=\"disc\">\n<li>\u017c\u00f3\u0142tawo-zielone, pieniste up\u0142awy z pochwy<\/li>\n<li>st\u0119ch\u0142y zapach<\/li>\n<li>zaczerwienie lub sw\u0119dzenie pochwy<\/li>\n<li>sporadyczne b\u00f3le w podbrzuszu<\/li>\n<li>b\u00f3l podczas oddawania moczu<\/li>\n<li>b\u00f3l podczas stosunku<\/li>\n<li>podra\u017cnienie i sw\u0119dzenie narz\u0105d\u00f3w p\u0142ciowych<\/li>\n<\/ul>\n<p><strong>Zalecane badania: preparat bezpo\u015bredni (pozwala zaobserwowa\u0107 charakterystyczny ruch rz\u0119sistka pochwowego) wykonywany na miejscu w laboratorium<\/strong><\/p>\n<div><\/div>\n<\/div>\n<\/div>\n","protected":false},"excerpt":{"rendered":"<p>DOLEGLIWO\u015aCI UK\u0141ADU MOCZOWO-P\u0141CIOWEGO Zaka\u017cenia dr\u00f3g moczowo- p\u0142ciowych s\u0105 wbrew pozorom jednymi z najtrudniejszych do leczenia i diagnozowania. Dzieje si\u0119 tak ze wzgl\u0119du, na mo\u017cliwo\u015b\u0107 wyst\u0119powania w cewce moczowej i pochwie bardzo r\u00f3znorodnej flory bakteryjnej bez objaw\u00f3w klinicznych zaka\u017cenia. Poni\u017cej zestawiono objawy najcz\u0119\u015bciej wyst\u0119puj\u0105cych chor\u00f3b uk\u0142adu moczowo- p\u0142ciowego u kobiet i m\u0119\u017cczyzn. a) KANDYDOZA &#8211; DRO\u017bD\u017bYCA [&hellip;]<\/p>\n","protected":false},"author":1,"featured_media":0,"parent":0,"menu_order":0,"comment_status":"closed","ping_status":"closed","template":"","meta":[],"_links":{"self":[{"href":"https:\/\/www.labo-olesnica.pl\/index.php\/wp-json\/wp\/v2\/pages\/45"}],"collection":[{"href":"https:\/\/www.labo-olesnica.pl\/index.php\/wp-json\/wp\/v2\/pages"}],"about":[{"href":"https:\/\/www.labo-olesnica.pl\/index.php\/wp-json\/wp\/v2\/types\/page"}],"author":[{"embeddable":true,"href":"https:\/\/www.labo-olesnica.pl\/index.php\/wp-json\/wp\/v2\/users\/1"}],"replies":[{"embeddable":true,"href":"https:\/\/www.labo-olesnica.pl\/index.php\/wp-json\/wp\/v2\/comments?post=45"}],"version-history":[{"count":7,"href":"https:\/\/www.labo-olesnica.pl\/index.php\/wp-json\/wp\/v2\/pages\/45\/revisions"}],"predecessor-version":[{"id":324,"href":"https:\/\/www.labo-olesnica.pl\/index.php\/wp-json\/wp\/v2\/pages\/45\/revisions\/324"}],"wp:attachment":[{"href":"https:\/\/www.labo-olesnica.pl\/index.php\/wp-json\/wp\/v2\/media?parent=45"}],"curies":[{"name":"wp","href":"https:\/\/api.w.org\/{rel}","templated":true}]}}